{"id":1850,"date":"2020-08-06T19:56:28","date_gmt":"2020-08-06T17:56:28","guid":{"rendered":"https:\/\/www.corona-tracking.info\/?page_id=1850"},"modified":"2020-11-03T22:42:54","modified_gmt":"2020-11-03T21:42:54","slug":"situations-possibles-jusquau-3-novembre","status":"publish","type":"page","link":"https:\/\/www.corona-tracking.info\/labo\/situations-possibles-jusquau-3-novembre\/?lang=fr","title":{"rendered":"Situations possibles jusqu&#8217;au 3 novembre"},"content":{"rendered":"<h4>Un <strong>\u00e9chantillon<\/strong> pr\u00e9lev\u00e9 est <strong>re\u00e7u<\/strong><\/h4>\n<ul>\n<li>le test est effectu\u00e9<\/li>\n<li>le r\u00e9sultat du test est publi\u00e9 sur le serveur de r\u00e9sultats \u00e9lectronique du laboratoire<\/li>\n<li>le r\u00e9sultat du test est envoy\u00e9 au m\u00e9decin d\u00e9sign\u00e9<\/li>\n<li>le r\u00e9sultat du test est transf\u00e9r\u00e9 \u00e9lectroniquement \u00e0 Sciensano via l&#8217;eForm <a href=\"https:\/\/covid19lab.healthdata.be\/nl\/node\/17\">LaboratoryTestResult<\/a> dans l&#8217;heure suivant sa disponibilit\u00e9 sur le serveur de r\u00e9sultats \u00e9lectronique, indiquant le <a href=\"\/glossaire\/niss\/?lang=fr\" target=\"_blank\" rel=\"noopener noreferrer\">NISS<\/a> correct du patient test\u00e9<\/li>\n<\/ul>\n<p>&nbsp;<\/p>\n<h4>Un patient vient pour le <strong>pr\u00e9l\u00e8vement d&#8217;un \u00e9chantillon<\/strong> et un test avec une <strong>ordonnance valide<\/strong> d&#8217;un m\u00e9decin<\/h4>\n<ul>\n<li>l&#8217;\u00e9chantillon est pr\u00e9lev\u00e9<\/li>\n<li>le test est effectu\u00e9<\/li>\n<li>le r\u00e9sultat du test est publi\u00e9 sur le serveur de r\u00e9sultats \u00e9lectronique du laboratoire<\/li>\n<li>le r\u00e9sultat du test est envoy\u00e9 au m\u00e9decin d\u00e9sign\u00e9<\/li>\n<li>le r\u00e9sultat du test est transf\u00e9r\u00e9 \u00e9lectroniquement \u00e0 Sciensano via l&#8217;eForm <a href=\"https:\/\/covid19lab.healthdata.be\/nl\/node\/17\">LaboratoryTestResult<\/a> dans l&#8217;heure suivant sa disponibilit\u00e9 sur le serveur de r\u00e9sultats \u00e9lectronique, indiquant le <a href=\"\/glossaire\/niss\/?lang=fr\" target=\"_blank\" rel=\"noopener noreferrer\">NISS<\/a> correct du patient test\u00e9<\/li>\n<\/ul>\n<p>&nbsp;<\/p>\n<h4>Un patient vient pour le <strong>pr\u00e9l\u00e8vement d&#8217;un \u00e9chantillon<\/strong> et un test sans ordonnance valide d&#8217;un m\u00e9decin, mais avec un <strong><a href=\"\/glossaire\/corona-test-prescription-code\/?lang=fr\" target=\"_blank\" rel=\"noopener noreferrer\">corona test prescription code<\/a>\u00a0valide<\/strong> envoy\u00e9 par le call center<\/h4>\n<ul>\n<li>la validit\u00e9 du <a href=\"\/glossaire\/corona-test-prescription-code\/?lang=fr\" target=\"_blank\" rel=\"noopener noreferrer\">corona test prescription code<\/a> pour le patient concern\u00e9 est v\u00e9rifi\u00e9e, soit \u00e0 l&#8217;aide du progiciel propri\u00e9taire, soit \u00e0 l&#8217;aide d&#8217;une <a href=\"https:\/\/idp.iamfas.belgium.be\/fasui\/login?spEntityID=https:\/\/www.ehealth.fgov.be\/idp&amp;service=EidService&amp;goto=http:\/\/idp.iamfas.belgium.be\/fas\/SSOPOST\/metaAlias\/idp?ReqID%3D_3ec7074d9ed63a399842e85f7171d77f%26index%3Dnull%26acsURL%3Dhttps:\/\/www.ehealth.fgov.be\/idp\/profile\/proxying\/SAML2\/POST\/SSO%26spEntityID%3Dhttps:\/\/www.ehealth.fgov.be\/idp%26binding%3Durn:oasis:names:tc:SAML:2.0:bindings:HTTP-POST\" target=\"_blank\" rel=\"noopener noreferrer\">application web<\/a>; seulement si le <a href=\"\/glossaire\/corona-test-prescription-code\/?lang=fr\" target=\"_blank\" rel=\"noopener noreferrer\">corona test prescription code<\/a> est valide pour le patient concern\u00e9, un pr\u00e9l\u00e8vement et un test peuvent \u00eatre effectu\u00e9s \u00e0 charge de l&#8217;assurance maladie<\/li>\n<li>le centre de tri transmet le lien entre le <a href=\"\/glossaire\/niss\/?lang=fr\" target=\"_blank\" rel=\"noopener noreferrer\">NISS<\/a> correct et le num\u00e9ro de t\u00e9l\u00e9phone correct du patient test\u00e9 \u00e0 Sciensano\n<ul>\n<li>soit en ajoutant le lien entre le <a href=\"\/glossaire\/niss\/?lang=fr\" target=\"_blank\" rel=\"noopener noreferrer\">NISS<\/a> correct et le num\u00e9ro de t\u00e9l\u00e9phone correct du patient test\u00e9 dans la base de donn\u00e9es des <a href=\"\/glossaire\/corona-test-prescription-code\/?lang=fr\" target=\"_blank\" rel=\"noopener noreferrer\">corona test prescription codes<\/a>;\u00a0si le patient n&#8217;a pas de <a href=\"\/glossaire\/niss\/?lang=fr\" target=\"_blank\" rel=\"noopener noreferrer\">NISS<\/a>, celui-ci peut \u00eatre cr\u00e9\u00e9 \u00e0 l&#8217;aide d&#8217;une <a href=\"https:\/\/www.ehealth.fgov.be\/fr\/esante\/professionnels-de-la-sante\/ehealthcreabis\/presentation-generale\" target=\"_blank\" rel=\"noopener noreferrer\" class=\"broken_link\">application web<\/a><\/li>\n<li>soit en indiquant \u00e0 la fois le <a href=\"\/glossaire\/niss\/?lang=fr\" target=\"_blank\" rel=\"noopener noreferrer\">NISS<\/a> correct et le num\u00e9ro de t\u00e9l\u00e9phone correct du patient test\u00e9 dans l&#8217;eForm <a href=\"https:\/\/covid19lab.healthdata.be\/nl\/node\/17\">LaboratoryTestResult<\/a><\/li>\n<li>soit en compl\u00e9tant l&#8217;eForm <a href=\"https:\/\/covid19lab.healthdata.be\/nl\/node\/16\" target=\"_blank\" rel=\"noopener noreferrer\">LaboratoryTestPrescription<\/a> et le soumettant par voie \u00e9lectronique \u00e0 Sciensano, en indiquant au moins le <a href=\"\/glossaire\/niss\/?lang=fr\" target=\"_blank\" rel=\"noopener noreferrer\">NISS<\/a> correct et le num\u00e9ro de t\u00e9l\u00e9phone correct du patient test\u00e9; si le patient n&#8217;a pas de <a href=\"\/glossaire\/niss\/?lang=fr\" target=\"_blank\" rel=\"noopener noreferrer\">NISS<\/a>, celui-ci peut \u00eatre cr\u00e9\u00e9 \u00e0 l&#8217;aide d&#8217;une <a href=\"https:\/\/www.ehealth.fgov.be\/fr\/esante\/professionnels-de-la-sante\/ehealthcreabis\/presentation-generale\" target=\"_blank\" rel=\"noopener noreferrer\" class=\"broken_link\">application web<\/a><\/li>\n<\/ul>\n<\/li>\n<li>l&#8217;\u00e9chantillon est pr\u00e9lev\u00e9<\/li>\n<li>le test est effectu\u00e9<\/li>\n<li>le r\u00e9sultat du test est publi\u00e9 sur le serveur de r\u00e9sultats \u00e9lectronique du laboratoire<\/li>\n<li>le r\u00e9sultat du test est envoy\u00e9 au m\u00e9decin d\u00e9sign\u00e9<\/li>\n<li>le r\u00e9sultat du test est transf\u00e9r\u00e9 \u00e9lectroniquement \u00e0 Sciensano via l&#8217;eForm <a href=\"https:\/\/covid19lab.healthdata.be\/nl\/node\/17\">LaboratoryTestResult<\/a> dans l&#8217;heure suivant sa disponibilit\u00e9 sur le serveur de r\u00e9sultats \u00e9lectronique, indiquant le <a href=\"\/glossaire\/niss\/?lang=fr\" target=\"_blank\" rel=\"noopener noreferrer\">NISS<\/a> correct et \u00e9ventuellement (voir ci-dessus) le num\u00e9ro de t\u00e9l\u00e9phone correct du patient test\u00e9<\/li>\n<\/ul>\n<p>&nbsp;<\/p>\n<h4>Un patient vient pour le <strong>pr\u00e9l\u00e8vement d&#8217;un \u00e9chantillon<\/strong> et un test <strong>sans ordonnance valide<\/strong> d&#8217;un m\u00e9decin et <strong>sans <a href=\"\/glossaire\/corona-test-prescription-code\/?lang=fr\" target=\"_blank\" rel=\"noopener noreferrer\">corona test prescription code<\/a> valide<\/strong> envoy\u00e9 par le call center<\/h4>\n<ul>\n<li>le patient est r\u00e9f\u00e9r\u00e9 \u00e0 un m\u00e9decin<\/li>\n<\/ul>\n","protected":false},"excerpt":{"rendered":"<p>Un \u00e9chantillon pr\u00e9lev\u00e9 est re\u00e7u le test est effectu\u00e9 le r\u00e9sultat du test est publi\u00e9 sur le serveur de r\u00e9sultats \u00e9lectronique du laboratoire le r\u00e9sultat du test est envoy\u00e9 au m\u00e9decin d\u00e9sign\u00e9 le r\u00e9sultat du test est transf\u00e9r\u00e9 \u00e9lectroniquement \u00e0 Sciensano via l&#8217;eForm LaboratoryTestResult dans l&#8217;heure suivant sa disponibilit\u00e9 sur le serveur de r\u00e9sultats \u00e9lectronique, indiquant le NISS correct du patient test\u00e9 &nbsp; Un patient vient pour le pr\u00e9l\u00e8vement d&#8217;un \u00e9chantillon et un test avec une ordonnance valide d&#8217;un m\u00e9decin l&#8217;\u00e9chantillon est pr\u00e9lev\u00e9 le test est effectu\u00e9 le r\u00e9sultat du test est publi\u00e9 sur le serveur de r\u00e9sultats \u00e9lectronique du&#46;&#46;&#46;<\/p>\n","protected":false},"author":3,"featured_media":0,"parent":1778,"menu_order":2,"comment_status":"closed","ping_status":"closed","template":"","meta":{"footnotes":""},"_links":{"self":[{"href":"https:\/\/www.corona-tracking.info\/wp-json\/wp\/v2\/pages\/1850"}],"collection":[{"href":"https:\/\/www.corona-tracking.info\/wp-json\/wp\/v2\/pages"}],"about":[{"href":"https:\/\/www.corona-tracking.info\/wp-json\/wp\/v2\/types\/page"}],"author":[{"embeddable":true,"href":"https:\/\/www.corona-tracking.info\/wp-json\/wp\/v2\/users\/3"}],"replies":[{"embeddable":true,"href":"https:\/\/www.corona-tracking.info\/wp-json\/wp\/v2\/comments?post=1850"}],"version-history":[{"count":23,"href":"https:\/\/www.corona-tracking.info\/wp-json\/wp\/v2\/pages\/1850\/revisions"}],"predecessor-version":[{"id":4410,"href":"https:\/\/www.corona-tracking.info\/wp-json\/wp\/v2\/pages\/1850\/revisions\/4410"}],"up":[{"embeddable":true,"href":"https:\/\/www.corona-tracking.info\/wp-json\/wp\/v2\/pages\/1778"}],"wp:attachment":[{"href":"https:\/\/www.corona-tracking.info\/wp-json\/wp\/v2\/media?parent=1850"}],"curies":[{"name":"wp","href":"https:\/\/api.w.org\/{rel}","templated":true}]}}