{"id":11456,"date":"2021-11-12T16:23:35","date_gmt":"2021-11-12T15:23:35","guid":{"rendered":"https:\/\/www.corona-tracking.info\/?page_id=11456"},"modified":"2021-11-12T16:23:35","modified_gmt":"2021-11-12T15:23:35","slug":"je-veux-dois-me-faire-tester-ou-faire-tester-mon-enfant","status":"publish","type":"page","link":"https:\/\/www.corona-tracking.info\/11451-2\/je-veux-dois-me-faire-tester-ou-faire-tester-mon-enfant\/?lang=fr","title":{"rendered":"JE VEUX\/DOIS ME FAIRE TESTER OU FAIRE TESTER MON ENFANT"},"content":{"rendered":"<h4>G\u00e9n\u00e9ralit\u00e9s<\/h4>\n<p>Dans certaines situations, il est souhaitable ou n\u00e9cessaire de faire un test de d\u00e9pistage du COVID-19 pour vous ou vos enfants. Il existe 2 types de tests:\u00a0 Tests PCR et tests rapides. Pour un test PCR, l&#8217;\u00e9chantillon est pr\u00e9lev\u00e9 \u00e0 un point d&#8217;\u00e9chantillonnage. Pour un test rapide, l&#8217;\u00e9chantillon est pr\u00e9lev\u00e9 dans un point de pr\u00e9l\u00e8vement ou dans une pharmacie. Pour \u00eatre test\u00e9, vous avez besoin d&#8217;un code, le fameux code CTPC (Corona Test Prescription Code).<\/p>\n<hr \/>\n<h4>J&#8217;ai d\u00e9j\u00e0 un CTPC<\/h4>\n<p><em><strong>\u00c9tape 1 : Organiser un pr\u00e9l\u00e8vement d&#8217;\u00e9chantillon<\/strong><\/em><\/p>\n<p>Avec le CTPC que vous avez re\u00e7u par SMS et\/ou e-mail, vous pouvez prendre rendez-vous pour un test dans un point de pr\u00e9l\u00e8vement en <a href=\"https:\/\/testcovid.doclr.be\/#!\/flow\" target=\"_blank\" rel=\"noopener\" class=\"broken_link\">Flandre ou en Wallonie<\/a> ou \u00e0 <a href=\"https:\/\/brussels.testcovid.be\/fr\/\">Bruxelles<\/a> ou vous rendre chez un <a href=\"https:\/\/www.apotheek.be\/fr\/Pharmacien\/Pages\/ou-effectuer-un-test-covid-rapide-en-pharmacie.aspx\" target=\"_blank\" rel=\"noopener\">pharmacien<\/a>.<\/p>\n<p>Assurez-vous d\u2019\u00eatre en possession des \u00e9l\u00e9ments suivants :<\/p>\n<ol>\n<li>votre CTPC<\/li>\n<li>un num\u00e9ro de GSM et\/ou une adresse mail auxquels vous pouvez \u00eatre joint(e)<\/li>\n<li>le num\u00e9ro de s\u00e9curit\u00e9 sociale (NISS) de la personne \u00e0 tester<\/li>\n<\/ol>\n<p><em><strong>\u00c9tape 2 : pr\u00e9l\u00e8vement d\u2019\u00e9chantillon<\/strong><\/em><\/p>\n<p>Rendez-vous au point de pr\u00e9l\u00e8vement ou chez le pharmacien \u00e0 l&#8217;heure convenue.<\/p>\n<p>Assurez-vous d\u2019apporter<\/p>\n<ol>\n<li>votre CTPC<\/li>\n<li>un document d&#8217;identit\u00e9 de la personne \u00e0 tester, de pr\u00e9f\u00e9rence une carte d&#8217;identit\u00e9 \u00e9lectronique<\/li>\n<\/ol>\n<p><em><strong>\u00c9tape 3 : R\u00e9sultat du test<\/strong><\/em><\/p>\n<p>Vous pouvez obtenir le r\u00e9sultat de votre test par ces canaux.<\/p>\n<hr \/>\n<h4>Je n&#8217;ai pas encore de CTPC, mais j&#8217;ai une lettre de l&#8217;\u00e9cole de mon enfant indiquant que celui-ci doit \u00eatre test\u00e9.<\/h4>\n<p>\u00c0 compl\u00e9ter d\u00e8s que disponible<\/p>\n<hr \/>\n<h4>Je n&#8217;ai pas encore de CTPC et j&#8217;habite en Belgique.<\/h4>\n<p><em><strong>\u00c9tape 1 : auto-\u00e9valuation<\/strong><\/em><\/p>\n<p>Vous pouvez \u00e9valuer anonymement s&#8217;il est souhaitable ou n\u00e9cessaire pour vous ou votre enfant de subir un test via l&#8217;<a href=\"https:\/\/sat.info-coronavirus.be\/fr\/formulaire\/sat\" target=\"_blank\" rel=\"noopener\">application d&#8217;auto-\u00e9valuation<\/a>.\u00a0 Si vous utilisez l&#8217;application d&#8217;auto-\u00e9valuation, vous obtiendrez un avis \u00e0 la fin. Si l&#8217;application d&#8217;auto-\u00e9valuation vous conseille de vous faire tester, vous trouverez dans l\u2019avis un lien vers l&#8217;application o\u00f9 vous pouvez demander un CTPC pour un test gratuit. Passez \u00e0 l\u2019\u00e9tape 2. N&#8217;oubliez pas de charger l\u2019avis de l&#8217;application d&#8217;auto-\u00e9valuation et de l\u2019apporter au point de pr\u00e9l\u00e8vement, sous forme \u00e9lectronique ou sur papier.<\/p>\n<p>Vous n&#8217;avez droit qu&#8217;\u00e0 un seul test gratuit tous les 11 jours sur la base de l&#8217;avis de l\u2019application d&#8217;auto-\u00e9valuation. Si vous voulez ou devez \u00eatre test\u00e9 plus rapidement, vous pouvez demander un CTPC pour un test payant. Passez \u00e0 l\u2019\u00e9tape 3.<\/p>\n<p><em><strong>\u00c9tape 2a : demander un CTPC pour un test gratuit<\/strong><\/em><\/p>\n<p>Via l&#8217;application \u00e0 laquelle l&#8217;avis fait r\u00e9f\u00e9rence, vous pouvez demander un CTPC pour un test gratuit. Vous devez d&#8217;abord vous authentifier avec votre carte d&#8217;identit\u00e9 \u00e9lectronique ou Itsme.<\/p>\n<p>Assurez-vous d\u2019\u00eatre en possession des \u00e9l\u00e9ments suivants :<\/p>\n<ol>\n<li>soit un lecteur de carte d&#8217;identit\u00e9 \u00e9lectronique, la carte d&#8217;identit\u00e9 \u00e9lectronique et le code pin de la carte d&#8217;identit\u00e9 \u00e9lectronique de la personne \u00e0 tester, soit le t\u00e9l\u00e9phone portable avec l&#8217;application Itsme et le code pin d&#8217;Itsme de la personne \u00e0 tester &gt; quid des enfants ?<\/li>\n<li>un num\u00e9ro de GSM et une adresse e-mail auxquels le CTPC peut \u00eatre envoy\u00e9.<\/li>\n<\/ol>\n<p><em><strong>\u00c9tape 2b : demander un CTPC pour un test payant<\/strong><\/em><\/p>\n<p>Via cette <a href=\"https:\/\/www.mijngezondheid.belgie.be\/#\/app\/covid-19\/prescriptions\/request\" target=\"_blank\" rel=\"noopener\">application<\/a>, vous pouvez demander un CTPC pour un test payant. Vous devez d&#8217;abord vous authentifier avec votre carte d&#8217;identit\u00e9 \u00e9lectronique ou Itsme.<\/p>\n<p>Assurez-vous d\u2019\u00eatre en possession des \u00e9l\u00e9ments suivants:<\/p>\n<ol>\n<li>soit un lecteur de carte d&#8217;identit\u00e9 \u00e9lectronique, la carte d&#8217;identit\u00e9 \u00e9lectronique et le code pin de la carte d&#8217;identit\u00e9 \u00e9lectronique de la personne \u00e0 tester, soit le t\u00e9l\u00e9phone portable avec l&#8217;application Itsme et le code pin d&#8217;Itsme de la personne \u00e0 tester &gt; quid des enfants ?<\/li>\n<li>un num\u00e9ro de GSM et une adresse e-mail auxquels le CTPC peut \u00eatre envoy\u00e9.<\/li>\n<\/ol>\n<p><em><strong>\u00c9tape 3 : Organiser un pr\u00e9l\u00e8vement d&#8217;\u00e9chantillon<\/strong><\/em><\/p>\n<p>Avec le CTPC que vous avez re\u00e7u par SMS et\/ou e-mail, vous pouvez prendre rendez-vous pour un test dans un point de pr\u00e9l\u00e8vement en <a href=\"https:\/\/testcovid.doclr.be\/#!\/flow\" target=\"_blank\" rel=\"noopener\" class=\"broken_link\">Flandre ou en Wallonie<\/a> ou \u00e0 <a href=\"https:\/\/brussels.testcovid.be\/fr\/\">Bruxelles<\/a> ou vous rendre chez un <a href=\"https:\/\/www.apotheek.be\/fr\/Pharmacien\/Pages\/ou-effectuer-un-test-covid-rapide-en-pharmacie.aspx\" target=\"_blank\" rel=\"noopener\">pharmacien<\/a>.<\/p>\n<p>Assurez-vous d\u2019\u00eatre en possession des \u00e9l\u00e9ments suivants:<\/p>\n<ol>\n<li>Votre CTPC<\/li>\n<li>le num\u00e9ro de GSM et l&#8217;adresse e-mail auxquels votre CTPC a \u00e9t\u00e9 envoy\u00e9<\/li>\n<li>votre num\u00e9ro d&#8217;identification s\u00e9curit\u00e9 sociale (NISS)<\/li>\n<\/ol>\n<p><em><strong>\u00c9tape 4 : pr\u00e9l\u00e8vement d\u2019\u00e9chantillon<\/strong><\/em><\/p>\n<p>Rendez-vous au point de pr\u00e9l\u00e8vement ou chez le pharmacien \u00e0 l&#8217;heure convenue.<\/p>\n<p>Assurez-vous d\u2019apporter<\/p>\n<ol>\n<li>Votre CTPC<\/li>\n<li>si vous avez demand\u00e9 un CTPC pour un test gratuit, l\u2019avis de l&#8217;application d&#8217;auto-\u00e9valuation sous forme \u00e9lectronique ou sur papier.<\/li>\n<\/ol>\n<p><em><strong>\u00c9tape 5 : R\u00e9sultat du test<\/strong><\/em><\/p>\n<p>Vous pouvez obtenir le r\u00e9sultat de votre test par ces canaux.<\/p>\n<hr \/>\n<h4>Je n&#8217;ai pas encore de CTPC et je n\u2019habite pas en Belgique.<\/h4>\n<p><em><strong>\u00c9tape 1 : demander un CTPC pour un test payant<\/strong><\/em><\/p>\n<p>Vous pouvez demander un CTPC pour un test payant via cette <a href=\"https:\/\/www.mijngezondheid.belgie.be\/#\/covid-19\/prescriptions\/request\" target=\"_blank\" rel=\"noopener\">application<\/a>.<\/p>\n<p>Assurez-vous d\u2019\u00eatre en possession des \u00e9l\u00e9ments suivants:<\/p>\n<ol>\n<li>Le nom et pr\u00e9nom de la personne \u00e0 tester<\/li>\n<li>un num\u00e9ro de GSM et une adresse e-mail auxquels le CTPC peut \u00eatre envoy\u00e9.<\/li>\n<\/ol>\n<p><em><strong>\u00c9tape 2 : Organiser un pr\u00e9l\u00e8vement d&#8217;\u00e9chantillon<\/strong><\/em><\/p>\n<p>Avec le CTPC que vous avez re\u00e7u par SMS et\/ou e-mail, vous pouvez prendre rendez-vous pour un test dans un point de pr\u00e9l\u00e8vement en <a href=\"https:\/\/testcovid.doclr.be\/#!\/flow\" target=\"_blank\" rel=\"noopener\" class=\"broken_link\">Flandre ou en Wallonie<\/a> ou \u00e0 <a href=\"https:\/\/brussels.testcovid.be\/fr\/\">Bruxelles<\/a> ou vous rendre chez un <a href=\"https:\/\/www.apotheek.be\/fr\/Pharmacien\/Pages\/ou-effectuer-un-test-covid-rapide-en-pharmacie.aspx\" target=\"_blank\" rel=\"noopener\">pharmacien<\/a>.<\/p>\n<p>Assurez-vous d\u2019\u00eatre en possession des \u00e9l\u00e9ments suivants:<\/p>\n<ol>\n<li>Votre CTPC<\/li>\n<li>le num\u00e9ro de GSM et l&#8217;adresse e-mail auxquels votre CTPC a \u00e9t\u00e9 envoy\u00e9<\/li>\n<li>\u00c9ventuellement, votre num\u00e9ro d&#8217;identification s\u00e9curit\u00e9 sociale (NISS)<\/li>\n<\/ol>\n<p><em><strong>\u00c9tape 3 : pr\u00e9l\u00e8vement d\u2019\u00e9chantillon<\/strong><\/em><\/p>\n<p>Rendez-vous au point de pr\u00e9l\u00e8vement ou chez le pharmacien \u00e0 l&#8217;heure convenue.<\/p>\n<p>Assurez-vous d\u2019apporter<\/p>\n<ol>\n<li>Votre CTPC<\/li>\n<li>\u00c9ventuellement, votre num\u00e9ro d&#8217;identification s\u00e9curit\u00e9 sociale (NISS)<\/li>\n<\/ol>\n<p><em><strong>\u00c9tape 4 : R\u00e9sultat du test<\/strong><\/em><\/p>\n<p>Vous pouvez obtenir le r\u00e9sultat de votre test par ces canaux.<\/p>\n<hr \/>\n<p>&nbsp;<\/p>\n<p>&nbsp;<\/p>\n","protected":false},"excerpt":{"rendered":"<p>G\u00e9n\u00e9ralit\u00e9s Dans certaines situations, il est souhaitable ou n\u00e9cessaire de faire un test de d\u00e9pistage du COVID-19 pour vous ou vos enfants. Il existe 2 types de tests:\u00a0 Tests PCR et tests rapides. Pour un test PCR, l&#8217;\u00e9chantillon est pr\u00e9lev\u00e9 \u00e0 un point d&#8217;\u00e9chantillonnage. Pour un test rapide, l&#8217;\u00e9chantillon est pr\u00e9lev\u00e9 dans un point de pr\u00e9l\u00e8vement ou dans une pharmacie. Pour \u00eatre test\u00e9, vous avez besoin d&#8217;un code, le fameux code CTPC (Corona Test Prescription Code). J&#8217;ai d\u00e9j\u00e0 un CTPC \u00c9tape 1 : Organiser un pr\u00e9l\u00e8vement d&#8217;\u00e9chantillon Avec le CTPC que vous avez re\u00e7u par SMS et\/ou e-mail, vous pouvez&#46;&#46;&#46;<\/p>\n","protected":false},"author":6,"featured_media":0,"parent":11451,"menu_order":1,"comment_status":"closed","ping_status":"closed","template":"","meta":{"footnotes":""},"_links":{"self":[{"href":"https:\/\/www.corona-tracking.info\/wp-json\/wp\/v2\/pages\/11456"}],"collection":[{"href":"https:\/\/www.corona-tracking.info\/wp-json\/wp\/v2\/pages"}],"about":[{"href":"https:\/\/www.corona-tracking.info\/wp-json\/wp\/v2\/types\/page"}],"author":[{"embeddable":true,"href":"https:\/\/www.corona-tracking.info\/wp-json\/wp\/v2\/users\/6"}],"replies":[{"embeddable":true,"href":"https:\/\/www.corona-tracking.info\/wp-json\/wp\/v2\/comments?post=11456"}],"version-history":[{"count":1,"href":"https:\/\/www.corona-tracking.info\/wp-json\/wp\/v2\/pages\/11456\/revisions"}],"predecessor-version":[{"id":11457,"href":"https:\/\/www.corona-tracking.info\/wp-json\/wp\/v2\/pages\/11456\/revisions\/11457"}],"up":[{"embeddable":true,"href":"https:\/\/www.corona-tracking.info\/wp-json\/wp\/v2\/pages\/11451"}],"wp:attachment":[{"href":"https:\/\/www.corona-tracking.info\/wp-json\/wp\/v2\/media?parent=11456"}],"curies":[{"name":"wp","href":"https:\/\/api.w.org\/{rel}","templated":true}]}}